me factors of h?
163
Suppose -5*m - 3*s = -27, m - 23 = -s - 4*s. What are the prime factors of m?
3
Suppose -r - r + 50 = -3*t, 4*r = -4*t + 80. Let i = r + -10. List the prime factors of i.
2, 3
Suppose 2*j - 152 = -2*j + 4*x, -j - 2*x = -32. List the prime factors of j.
2, 3
Suppose 45 = 2*a + 3*a. Let j = 13 - a. List the prime factors of j.
2
Let c = 185 + -130. List the prime factors of c.
5, 11
Let k(x) = -11*x**3 + x**2 - 4*x - 1. What are the prime factors of k(-2)?
3, 11
Let d = 8 + -5. Suppose -8 = -d*w - w. What are the prime factors of w?
2
Let j = -64 + 170. What are the prime factors of j?
2, 53
Let y = 3 + 0. Suppose 4*o - o = y. List the prime factors of 19*o + 12/6.
3, 7
Let v(k) = 2*k + 8. Suppose 4*y + 2*o = 7 + 59, -y = o - 16. List the prime factors of v(y).
2, 3, 7
Let o = -75 + 223. What are the prime factors of o?
2, 37
Suppose 3*t = -0 + 138. What are the prime factors of t?
2, 23
Let n = -107 + 257. What are the prime factors of n?
2, 3, 5
Suppose -z = 5, w + 4*z = -43 - 22. Let d = w + 64. What are the prime factors of d?
19
Suppose 5*s - z - 366 = -43, -2*s - z + 125 = 0. What are the prime factors of s?
2
Let h(k) = -k**3. Let c(j) be the third derivative of j**4/24 + j**3/2 - j**2. Let q be c(-5). What are the prime factors of h(q)?
2
Let d be ((-1)/(-2))/((-2)/(-16)). Suppose 0*x + 13 = x + d*g, -3*x - 3*g + 57 = 0. Let c = -9 + x. What are the prime factors of c?
2, 3
Suppose -4 = -p - 1. Let o = -6 - -15. Suppose 0*h = 4*d + h - 49, 0 = d - p*h - o. What are the prime factors of d?
2, 3
Let d(b) = -47*b - 31. What are the prime factors of d(-4)?
157
Let f = 21 - 14. List the prime factors of ((-20)/f)/(2/(-7)).
2, 5
Suppose -10 = 2*d - 4. Let l(f) = -7*f + 2. What are the prime factors of l(d)?
23
Let r(b) = 11*b + 30. What are the prime factors of r(6)?
2, 3
Let h(g) = g**2 - 3*g + 1. Let r be h(3). Let z be 1/(3/(r + 8)). Suppose 0 = -z*c + 17 + 7. What are the prime factors of c?
2
Suppose 0 = -5*m - 2*s, 0 = 8*m - 3*m - s. Suppose m = -2*o + 24 + 48. What are the prime factors of o?
2, 3
Let j(l) = 6*l**2 - l - 2. Let u be j(2). Suppose 2*p - 30 = 3*d + 15, -4*d = u. Let k = p + -2. What are the prime factors of k?
13
Suppose 29 = -0*j - 3*j + 2*v, -5*j - 5*v - 15 = 0. What are the prime factors of (-2)/(-7) - 75/j?
11
Suppose 0 = -z - 4*z + 790. List the prime factors of z.
2, 79
Suppose -3*q = -5*l + 208, 118 = 3*l + 3*q + 2*q. What are the prime factors of l?
41
Suppose 5 + 7 = v. Let h(w) = -w**2 + 14*w - 15. Let s be h(v). Suppose -s = -c - 1. List the prime factors of c.
2
Suppose -4*k + 2*p = -48 - 132, 0 = 3*k + 3*p - 117. List the prime factors of k.
43
Let x(f) = f**3 + 9*f**2 - 4*f + 1. What are the prime factors of x(-5)?
11
Let x(n) = -n**3 + 11*n**2 + 7*n + 2. List the prime factors of x(11).
79
Suppose 2*o = -1 + 7. List the prime factors of o.
3
Let i(r) = -3*r**3 - 3*r**2. List the prime factors of i(-3).
2, 3
Suppose -4*s + 689 - 3729 = 0. What are the prime factors of s/(-25) - 2/5?
2, 3, 5
Let k be (-1)/(-1 + (-9)/(-6)). Let v = 3 + k. Let n = 4 + v. What are the prime factors of n?
5
Suppose h + h = -4, 0 = 3*n - 5*h - 16. Suppose -25 = 5*r - 3*m - n*m, -5*r - 3*m = -15. What are the prime factors of (-2)/2*(-9 - r)?
3
Let k = 3 - -2. Let w(r) = 4*r + 5. What are the prime factors of w(k)?
5
Suppose -5*l = -0*l - 1430. List the prime factors of l.
2, 11, 13
Let d(u) = -u**2 - 3 - 5*u - 9*u + 24*u. What are the prime factors of d(4)?
3, 7
Suppose 4*i + 2 = 10. Suppose 3*d + 6*s - 3*s - 42 = 0, -44 = -2*d + i*s. List the prime factors of d.
2, 3
Let w(p) = -p**2 + 14*p + 7. What are the prime factors of w(11)?
2, 5
Let p be 72/(-10)*(-10)/(-3). Let t = 43 + p. List the prime factors of t.
19
Let t = -11 - -22. What are the prime factors of t?
11
Suppose 3*b - 777 - 189 = 0. What are the prime factors of b?
2, 7, 23
Let w(x) = x + 3 + x**3 - x**2 - 1 - 4*x**2 + 2*x. Suppose d = 6*d - 25. List the prime factors of w(d).
17
What are the prime factors of (-9)/(0 - 2/10)?
3, 5
Suppose 6*l - 4*l = 52. List the prime factors of l.
2, 13
Suppose -t + 0*a = 4*a + 23, -a + 1 = -2*t. List the prime factors of (-4)/t*-3 + 15.
11
Let r(b) = b**3 + 4*b**2 + 2*b + 2. Suppose 2*t - 6*t = -16. Suppose -a - a - t = 0. What are the prime factors of r(a)?
2, 3
Suppose -2*t + 10 = 5*g + 3*t, g - 22 = 4*t. Suppose -5*m = -4*z - 7, -3*z - g = -3*m - 3. Suppose -16 = z*d - 4*d. List the prime factors of d.
2
Let y(o) = -o - 4. Let h be y(-5). Let f(t) = 3*t**2. Let a be f(h). Let z(u) = u**2 - 3*u + 3. List the prime factors of z(a).
3
Suppose 3*t - 2 + 8 = 0. Let u(a) = a + a**3 - 4*a + 3*a + 4*a**2 + 1. List the prime factors of u(t).
3
Let p = 19 - 17. Suppose -5*x + 24 = q, -p*q = x - 2*x - 15. List the prime factors of q.
3
Let w(t) = t + 11. Let y be w(-6). Suppose 4 + y = -4*m - 5*u, 4*m = 5*u + 41. Suppose -m*j + 9 = -35. List the prime factors of j.
11
Suppose 0 = -7*n + 398 + 701. What are the prime factors of n?
157
Let t(z) = -z**3 - z + 108. Let u be t(0). List the prime factors of (4/(-8))/((-2)/u).
3
Suppose 5*q - 50 = -g + 11, 4*g - 169 = -5*q. List the prime factors of g.
2, 3
Let v(u) = u**3 - 10*u**2 + 10*u + 12. List the prime factors of v(9).
3, 7
Suppose -2*v = v - 5*u - 386, 4*v = 4*u + 528. What are the prime factors of v?
137
Let l = -14 + 14. Suppose 0*t + 4*z = 3*t - 7, t - 5*z + 5 = l. List the prime factors of t.
5
Let d = 2 + 25. What are the prime factors of d?
3
Let x(d) = -d - 2. Let r be x(7). Let n be 2/(-3)*r/2. Suppose -n*y - 12 = 3, b = 5*y + 40. List the prime factors of b.
3, 5
Suppose 1320 = 65*r - 60*r. List the prime factors of r.
2, 3, 11
Let r(d) = 8*d - 2. Let h be r(3). Let q be h/8 + 3/12. Let b = 4 + q. What are the prime factors of b?
7
List the prime factors of 0 + (-3 - (-3)/((-3)/(-131))).
2
Let x(c) = -1 + 7 - 2*c + 6*c**2 + c**3 - 2. Let a(u) = u - 17. Let s be a(11). What are the prime factors of x(s)?
2
Let p be 2/4*-6*-1. Suppose -4*f = -0*h - 3*h + 11, 4*h + p*f = 23. Suppose 15 + 0 = h*d. What are the prime factors of d?
3
Suppose 0 = b + 2*c - 22, b - 4*c + 70 = 4*b. What are the prime factors of b?
2, 13
Let g(t) = -4 + 4*t**2 - 2*t**2 + 4*t - t**2. What are the prime factors of g(-6)?
2
Suppose k - 4 = -2. Suppose h + 3*x + 3 = k*x, -3*x - 9 = 4*h. Suppose -u + 3 = 0, h = 3*f - 3*u + 7*u - 39. List the prime factors of f.
3
Suppose 0 - 6 = -f. Let h(o) be the second derivative of o**3/2 - 3*o**2/2 - 3*o. What are the prime factors of h(f)?
3, 5
Let a be (24/21)/((-2)/(-7)). Suppose a = -2*g + 32. What are the prime factors of g?
2, 7
Suppose 79 = 5*i - 4*h - 94, 2*i = -4*h + 58. List the prime factors of i.
3, 11
Suppose 18*a - 22*a + 224 = 0. What are the prime factors of a?
2, 7
Let o = -66 - -205. What are the prime factors of o?
139
List the prime factors of (24/36)/(1/135).
2, 3, 5
Let k(b) be the second derivative of b**4/12 - 13*b**3/6 + 10*b**2 + 5*b. List the prime factors of k(14).
2, 17
Let i be (-68)/(-18) + (-12)/(-54). Suppose i*h + 87 = 7*h. List the prime factors of h.
29
Let t(a) = -a**2 + 21*a - 26. What are the prime factors of t(19)?
2, 3
What are the prime factors of 54*((-2)/11 + (-564)/(-198))?
2, 3
Let u = 33 - -4. List the prime factors of u.
37
Suppose 3*x - 85 + 13 = 0. List the prime factors of x.
2, 3
Let r(p) = -12*p**3 + 1. Let n be ((-5)/(-3))/((-2)/(-6)). Suppose 9 = -n*f + 4, 3*m + f = -4. What are the prime factors of r(m)?
13
Let j(h) = 17*h**3 + 1. Let x(d) = d - 5. Let f be x(6). List the prime factors of j(f).
2, 3
Let j(f) = f**3 - 11*f**2 + 10*f. Let i be j(10). Suppose i = r + 4*r - 45. List the prime factors of r.
3
Let r be (-2)/(-1) - 1 - 23. Let q(y) = -y**3 + y**2 + y - 11. Let i be q(0). List the prime factors of 4/r - 90/i.
2
Let v(a) = -a**3 + 15*a**2 + 12*a - 10. List the prime factors of v(15).
2, 5, 17
Let m(x) = 13*x + 2. Let c be m(3). Let o = c + -23. What are the prime factors of o?
2, 3
Let h = 7 - -9. Let q = h - 2. List the prime factors of q.
2, 7
Let j(p) = p**3 + 15*p**2 - 18*p - 10. What are the prime factors of j(-16)?
2, 11
Let k(r) = r**3 - 5*r**2 - 2*r + 2. Let w be k(6). List the prime factors of 611/w - 2/(-4).
2, 3
List the prime factors of -125*(7 - 4 - 4).
5
Let w(k) = -2*